{"id":3,"date":"2018-10-22T17:16:40","date_gmt":"2018-10-22T15:16:40","guid":{"rendered":"https:\/\/aaroiemac.cloud\/notizie\/?page_id=3"},"modified":"2020-01-12T15:18:09","modified_gmt":"2020-01-12T14:18:09","slug":"privacy-policy","status":"publish","type":"page","link":"https:\/\/www.aaroiemac.it\/notizie\/?page_id=3","title":{"rendered":"Privacy Policy"},"content":{"rendered":"<p><small>Informativa relativa al trattamento dei dati personali degli utenti che consultano il sito web https:\/\/www.aaroiemac.it\/notizie<\/small><\/p>\n<p><b>Titolare del Trattamento dei Dati<\/b><br \/>\nIl Titolare del Trattamento \u00e8 l\u2019Associazione A.A.R.O.I.-EM.A.C., domiciliata presso la sua sede legale visibile online sul sito web ufficiale dell\u2019Associazione http:\/\/www.aaroiemac.it\/notizie\/, contattabile ai recapiti telefonici ivi indicati, nonch\u00e9 raggiungibile per le comunicazioni inerenti le finalit\u00e0 e le attivit\u00e0 di competenza all\u2019indirizzo email privacy@pec.aaroiemac.it.<\/p>\n<p><b>Tipologie di Dati raccolti<\/b><br \/>\nFra i Dati Personali raccolti da questo Sito, in modo autonomo o tramite terze parti, ci sono: nominativo, email, cookies, dati di utilizzo. Altri Dati Personali raccolti potrebbero essere indicati in altre sezioni di questa privacy policy o mediante testi informativi visualizzati contestualmente alla raccolta dei Dati stessi. I Dati Personali possono essere inseriti volontariamente dall\u2019Utente, oppure raccolti in modo automatico durante l&#8217;uso di questo Sito. L\u2019eventuale utilizzo di cookies &#8211; o di altri strumenti di tracciamento &#8211; da parte di questo Sito o dei titolari dei servizi terzi utilizzati da questo Sito, ove non diversamente precisato, ha la finalit\u00e0 di identificare l\u2019Utente e registrare le relative preferenze per finalit\u00e0 strettamente legate all&#8217;erogazione del servizio richiesto dall\u2019Utente. Il mancato conferimento da parte dell\u2019Utente di alcuni Dati Personali potrebbe impedire a questo Sito di erogare i propri servizi. L&#8217;Utente si assume la responsabilit\u00e0 dei Dati Personali di terzi pubblicati o condivisi mediante questo Sito e garantisce di avere il diritto di comunicarli o diffonderli, liberando il Titolare da qualsiasi responsabilit\u00e0 verso terzi.<\/p>\n<p><b>Modalit\u00e0 di trattamento<\/b><br \/>\nIl Titolare tratta i Dati Personali degli Utenti adottando le opportune misure di sicurezza volte ad impedire l\u2019accesso, la divulgazione, la modifica o la distruzione non autorizzate dei Dati Personali. Il trattamento viene effettuato mediante strumenti informatici e\/o telematici, con modalit\u00e0 organizzative e con logiche strettamente correlate alle finalit\u00e0 indicate. Oltre al Titolare, in alcuni casi, potrebbero avere accesso ai Dati categorie di incaricati coinvolti nell\u2019organizzazione del sito (personale amministrativo, commerciale, marketing, legali, amministratori di sistema) ovvero soggetti esterni (come fornitori di servizi tecnici terzi, corrieri postali, hosting provider, societ\u00e0 informatiche, agenzie di comunicazione) nominati anche, se necessario, Responsabili del Trattamento da parte del Titolare. L\u2019elenco aggiornato dei Responsabili potr\u00e0 sempre essere richiesto al Titolare del Trattamento.<\/p>\n<p><b>Finalit\u00e0 del Trattamento dei Dati raccolti<\/b><br \/>\nI Dati dell\u2019Utente sono raccolti per consentire al Titolare di fornire i propri servizi, cos\u00ec come per le seguenti finalit\u00e0: Statistiche di navigazione e Contattare l&#8217;Utente. Le tipologie di Dati Personali utilizzati per ciascuna finalit\u00e0 sono indicate nelle sezioni specifiche di questo documento.<\/p>\n<p><b>Ulteriori informazioni sul trattamento<\/b><br \/>\n<b>Difesa in giudizio<\/b><br \/>\nI Dati Personali dell\u2019Utente possono essere utilizzati per la difesa da parte del Titolare in giudizio o nelle fasi propedeutiche alla sua eventuale instaurazione, da abusi nell&#8217;utilizzo della stessa o dei servizi connessi da parte dell\u2019Utente. L\u2019Utente dichiara di essere consapevole che il Titolare potrebbe essere richiesto di rivelare i Dati su richiesta delle pubbliche autorit\u00e0.<br \/>\n<b>Informative specifiche<\/b><br \/>\nSu richiesta dell\u2019Utente, in aggiunta alle informazioni contenute in questa privacy policy, questo Sito potrebbe fornire all&#8217;Utente delle informative aggiuntive e contestuali riguardanti servizi specifici, o la raccolta ed il trattamento di Dati Personali.<br \/>\n<b>Log di sistema e manutenzione<\/b><br \/>\nPer necessit\u00e0 legate al funzionamento ed alla manutenzione, questo Sito e gli eventuali servizi terzi da essa utilizzati potrebbero raccogliere Log di sistema, ossia file che registrano le interazioni e che possono contenere anche Dati Personali, quali l\u2019indirizzo IP Utente.<br \/>\n<b>Informazioni non contenute in questa policy<\/b><br \/>\nMaggiori informazioni in relazione al trattamento dei Dati Personali potranno essere richieste in qualsiasi momento al Titolare del Trattamento utilizzando le informazioni di contatto.<\/p>\n<p><b>Esercizio dei diritti da parte degli Utenti<\/b><br \/>\nI soggetti cui si riferiscono i Dati Personali hanno il diritto in qualunque momento di ottenere la conferma dell&#8217;esistenza o meno degli stessi presso il Titolare del Trattamento, di conoscerne il contenuto e l&#8217;origine, di verificarne l&#8217;esattezza o chiederne l\u2019integrazione, la cancellazione, l&#8217;aggiornamento, la rettifica, la trasformazione in forma anonima o il blocco dei Dati Personali trattati in violazione di legge, nonch\u00e9 di opporsi in ogni caso, per motivi legittimi, al loro trattamento. Le richieste vanno rivolte al Titolare del Trattamento.<\/p>\n","protected":false},"excerpt":{"rendered":"<p>Informativa relativa al trattamento dei dati personali degli utenti che consultano il sito web https:\/\/www.aaroiemac.it\/notizie Titolare del Trattamento dei Dati Il Titolare del Trattamento \u00e8 l\u2019Associazione A.A.R.O.I.-EM.A.C., domiciliata presso la sua sede legale visibile online sul sito web ufficiale dell\u2019Associazione http:\/\/www.aaroiemac.it\/notizie\/, contattabile ai recapiti telefonici ivi indicati, nonch\u00e9 raggiungibile per le comunicazioni inerenti le finalit\u00e0 [&hellip;]<\/p>\n","protected":false},"author":39501,"featured_media":0,"parent":0,"menu_order":0,"comment_status":"closed","ping_status":"open","template":"","meta":{"_links_to":"","_links_to_target":""},"_links":{"self":[{"href":"https:\/\/www.aaroiemac.it\/notizie\/index.php?rest_route=\/wp\/v2\/pages\/3"}],"collection":[{"href":"https:\/\/www.aaroiemac.it\/notizie\/index.php?rest_route=\/wp\/v2\/pages"}],"about":[{"href":"https:\/\/www.aaroiemac.it\/notizie\/index.php?rest_route=\/wp\/v2\/types\/page"}],"author":[{"embeddable":true,"href":"https:\/\/www.aaroiemac.it\/notizie\/index.php?rest_route=\/wp\/v2\/users\/39501"}],"replies":[{"embeddable":true,"href":"https:\/\/www.aaroiemac.it\/notizie\/index.php?rest_route=%2Fwp%2Fv2%2Fcomments&post=3"}],"version-history":[{"count":3,"href":"https:\/\/www.aaroiemac.it\/notizie\/index.php?rest_route=\/wp\/v2\/pages\/3\/revisions"}],"predecessor-version":[{"id":419,"href":"https:\/\/www.aaroiemac.it\/notizie\/index.php?rest_route=\/wp\/v2\/pages\/3\/revisions\/419"}],"wp:attachment":[{"href":"https:\/\/www.aaroiemac.it\/notizie\/index.php?rest_route=%2Fwp%2Fv2%2Fmedia&parent=3"}],"curies":[{"name":"wp","href":"https:\/\/api.w.org\/{rel}","templated":true}]}}